{"id":988198,"date":"2024-05-27T10:52:12","date_gmt":"2024-05-27T10:52:12","guid":{"rendered":"https:\/\/seeparadies-hagnau.de\/?page_id=988198"},"modified":"2024-06-20T20:58:37","modified_gmt":"2024-06-20T20:58:37","slug":"ferienwohnungen","status":"publish","type":"page","link":"https:\/\/seeparadies-hagnau.de\/?page_id=988198","title":{"rendered":"Ferienwohnungen"},"content":{"rendered":"\t\t<div data-elementor-type=\"wp-page\" data-elementor-id=\"988198\" class=\"elementor elementor-988198\" data-elementor-post-type=\"page\">\n\t\t\t\t<div class=\"elementor-element elementor-element-dc955f6 e-flex e-con-boxed e-con e-parent\" data-id=\"dc955f6\" data-element_type=\"container\" data-e-type=\"container\" data-settings=\"{&quot;background_background&quot;:&quot;classic&quot;}\">\n\t\t\t\t\t<div class=\"e-con-inner\">\n\t\t\t\t<div class=\"elementor-element elementor-element-e3c4fa5 elementor-widget elementor-widget-spacer\" data-id=\"e3c4fa5\" data-element_type=\"widget\" data-e-type=\"widget\" data-widget_type=\"spacer.default\">\n\t\t\t\t<div class=\"elementor-widget-container\">\n\t\t\t\t\t\t\t<div class=\"elementor-spacer\">\n\t\t\t<div class=\"elementor-spacer-inner\"><\/div>\n\t\t<\/div>\n\t\t\t\t\t\t<\/div>\n\t\t\t\t<\/div>\n\t\t\t\t<div class=\"elementor-element elementor-element-c189db4 elementor-widget elementor-widget-heading\" data-id=\"c189db4\" data-element_type=\"widget\" data-e-type=\"widget\" data-widget_type=\"heading.default\">\n\t\t\t\t<div class=\"elementor-widget-container\">\n\t\t\t\t\t<h2 class=\"elementor-heading-title elementor-size-default\">FERIENWOHNUNGEN<\/h2>\t\t\t\t<\/div>\n\t\t\t\t<\/div>\n\t\t\t\t<div class=\"elementor-element elementor-element-073e38a elementor-widget elementor-widget-spacer\" data-id=\"073e38a\" data-element_type=\"widget\" data-e-type=\"widget\" data-widget_type=\"spacer.default\">\n\t\t\t\t<div class=\"elementor-widget-container\">\n\t\t\t\t\t\t\t<div class=\"elementor-spacer\">\n\t\t\t<div class=\"elementor-spacer-inner\"><\/div>\n\t\t<\/div>\n\t\t\t\t\t\t<\/div>\n\t\t\t\t<\/div>\n\t\t\t\t<div class=\"elementor-element elementor-element-d684ab5 elementor-align-center elementor-widget elementor-widget-button\" data-id=\"d684ab5\" data-element_type=\"widget\" data-e-type=\"widget\" data-widget_type=\"button.default\">\n\t\t\t\t<div class=\"elementor-widget-container\">\n\t\t\t\t\t\t\t\t\t<div class=\"elementor-button-wrapper\">\n\t\t\t\t\t<a class=\"elementor-button elementor-button-link elementor-size-sm\" href=\"https:\/\/seeparadies-hagnau.de\/\">\n\t\t\t\t\t\t<span class=\"elementor-button-content-wrapper\">\n\t\t\t\t\t\t\t\t\t<span class=\"elementor-button-text\">Zur\u00fcck zur Hauptseite<\/span>\n\t\t\t\t\t<\/span>\n\t\t\t\t\t<\/a>\n\t\t\t\t<\/div>\n\t\t\t\t\t\t\t\t<\/div>\n\t\t\t\t<\/div>\n\t\t\t\t<div class=\"elementor-element elementor-element-8c1f74d elementor-widget elementor-widget-spacer\" data-id=\"8c1f74d\" data-element_type=\"widget\" data-e-type=\"widget\" data-widget_type=\"spacer.default\">\n\t\t\t\t<div class=\"elementor-widget-container\">\n\t\t\t\t\t\t\t<div class=\"elementor-spacer\">\n\t\t\t<div class=\"elementor-spacer-inner\"><\/div>\n\t\t<\/div>\n\t\t\t\t\t\t<\/div>\n\t\t\t\t<\/div>\n\t\t\t\t<div class=\"elementor-element elementor-element-53138bf elementor-widget__width-initial elementor-widget elementor-widget-text-editor\" data-id=\"53138bf\" data-element_type=\"widget\" data-e-type=\"widget\" data-widget_type=\"text-editor.default\">\n\t\t\t\t<div class=\"elementor-widget-container\">\n\t\t\t\t\t\t\t\t\t<p>Wir haben uns mit dem Seeparadies unmittelbar am Ufer des Bodensees in Hagnau einen Traum erf\u00fcllt, den wir gerne mit Ihnen teilen wollen.<\/p><p>Das Seeparadies liegt im idyllischen Fischer- und Winzerdorf Hagnau. Ob Sie die Natur erkunden oder einfach die Ruhe und den magischen Ort am See genie\u00dfen m\u00f6chten &#8211; Hagnau am Bodensee und die umliegenden Orte bieten Ihnen zudem zahlreiche Freizeit- und Erlebnism\u00f6glichkeiten.<\/p>\t\t\t\t\t\t\t\t<\/div>\n\t\t\t\t<\/div>\n\t\t\t\t\t<\/div>\n\t\t\t\t<\/div>\n\t\t<div class=\"elementor-element elementor-element-565bd57 e-flex e-con-boxed e-con e-parent\" data-id=\"565bd57\" data-element_type=\"container\" data-e-type=\"container\" data-settings=\"{&quot;background_background&quot;:&quot;classic&quot;}\">\n\t\t\t\t\t<div class=\"e-con-inner\">\n\t\t<div class=\"elementor-element elementor-element-653c58e e-flex e-con-boxed e-con e-child\" data-id=\"653c58e\" data-element_type=\"container\" data-e-type=\"container\">\n\t\t\t\t\t<div class=\"e-con-inner\">\n\t\t<div class=\"elementor-element elementor-element-981fdfd e-grid e-con-boxed e-con e-child\" data-id=\"981fdfd\" data-element_type=\"container\" data-e-type=\"container\" data-settings=\"{&quot;background_background&quot;:&quot;classic&quot;}\">\n\t\t\t\t\t<div class=\"e-con-inner\">\n\t\t<div class=\"elementor-element elementor-element-ad24bd6 e-grid e-con-boxed e-con e-child\" data-id=\"ad24bd6\" data-element_type=\"container\" data-e-type=\"container\" data-settings=\"{&quot;background_background&quot;:&quot;classic&quot;}\">\n\t\t\t\t\t<div class=\"e-con-inner\">\n\t\t<div class=\"elementor-element elementor-element-2c0e2fa e-con-full e-flex e-con e-child\" data-id=\"2c0e2fa\" data-element_type=\"container\" data-e-type=\"container\">\n\t\t\t\t<div class=\"elementor-element elementor-element-db15ecc elementor-widget-mobile__width-inherit elementor-widget elementor-widget-image\" data-id=\"db15ecc\" data-element_type=\"widget\" data-e-type=\"widget\" data-widget_type=\"image.default\">\n\t\t\t\t<div class=\"elementor-widget-container\">\n\t\t\t\t\t\t\t\t\t\t\t\t\t\t\t<img fetchpriority=\"high\" decoding=\"async\" width=\"766\" height=\"839\" src=\"https:\/\/seeparadies-hagnau.de\/wp-content\/uploads\/2024\/05\/d2fae519-da4b-4ed8-99dd-10dc34320a74-1.png\" class=\"attachment-large size-large wp-image-987871\" alt=\"Onkel Fritz Einstieg\" srcset=\"https:\/\/seeparadies-hagnau.de\/wp-content\/uploads\/2024\/05\/d2fae519-da4b-4ed8-99dd-10dc34320a74-1.png 766w, https:\/\/seeparadies-hagnau.de\/wp-content\/uploads\/2024\/05\/d2fae519-da4b-4ed8-99dd-10dc34320a74-1-274x300.png 274w, https:\/\/seeparadies-hagnau.de\/wp-content\/uploads\/2024\/05\/d2fae519-da4b-4ed8-99dd-10dc34320a74-1-600x657.png 600w\" sizes=\"(max-width: 766px) 100vw, 766px\" \/>\t\t\t\t\t\t\t\t\t\t\t\t\t\t\t<\/div>\n\t\t\t\t<\/div>\n\t\t\t\t<div class=\"elementor-element elementor-element-ca7e5e6 elementor-align-center elementor-widget__width-inherit elementor-widget elementor-widget-button\" data-id=\"ca7e5e6\" data-element_type=\"widget\" data-e-type=\"widget\" data-widget_type=\"button.default\">\n\t\t\t\t<div class=\"elementor-widget-container\">\n\t\t\t\t\t\t\t\t\t<div class=\"elementor-button-wrapper\">\n\t\t\t\t\t<a class=\"elementor-button elementor-button-link elementor-size-sm\" href=\"https:\/\/seeparadies-hagnau.de\/?page_id=988241\">\n\t\t\t\t\t\t<span class=\"elementor-button-content-wrapper\">\n\t\t\t\t\t\t<span class=\"elementor-button-icon\">\n\t\t\t\t<svg xmlns=\"http:\/\/www.w3.org\/2000\/svg\" height=\"512\" viewBox=\"0 0 512 512\" width=\"512\"><g id=\"_x35_54_x2C__Find_x2C__Glass_x2C__Magnifier_x2C__Search_x2C__Web_x2C_\"><g><path d=\"m176.147 46.075c-71.682 0-130 58.318-130 130s58.318 129.999 130 129.999 129.999-58.317 129.999-129.999-58.317-130-129.999-130zm0 239.999c-60.654 0-110-49.345-110-109.999s49.346-110 110-110 109.999 49.346 109.999 110-49.345 109.999-109.999 109.999z\"><\/path><path d=\"m502.926 439.358-140.031-140.031c-3.906-3.904-10.236-3.904-14.142 0l-2.369 2.368-29.853-29.854c18.676-27.29 29.617-60.273 29.617-95.767 0-93.738-76.262-170-169.999-170-93.738 0-170 76.262-170 170s76.262 169.999 170 169.999c35.494 0 68.477-10.941 95.769-29.618l29.854 29.854-2.516 2.516c-3.904 3.905-3.904 10.236 0 14.143l140.031 140.029c3.906 3.905 10.236 3.904 14.142 0l49.498-49.496c3.901-3.903 3.903-10.236-.001-14.143zm-476.779-263.283c0-82.71 67.29-150 150-150s149.999 67.29 149.999 150-67.289 149.999-149.999 149.999-150-67.289-150-149.999zm278.089 111.759 27.77 27.768-16.33 16.33-27.77-27.769c5.805-5.068 11.262-10.524 16.33-16.329zm142.119 193.95-125.888-125.887 35.355-35.356 125.889 125.889z\"><\/path><path d=\"m176.147 246.075c-38.598 0-70-31.402-70-70 0-5.523-4.477-10-10-10s-10 4.477-10 10c0 49.626 40.374 89.999 90 89.999 5.523 0 10-4.477 10-9.999 0-5.523-4.477-10-10-10z\"><\/path><\/g><\/g><\/svg>\t\t\t<\/span>\n\t\t\t\t\t\t\t\t\t<span class=\"elementor-button-text\">Onkel Fritz<\/span>\n\t\t\t\t\t<\/span>\n\t\t\t\t\t<\/a>\n\t\t\t\t<\/div>\n\t\t\t\t\t\t\t\t<\/div>\n\t\t\t\t<\/div>\n\t\t\t\t<\/div>\n\t\t<div class=\"elementor-element elementor-element-fe56fc6 e-flex e-con-boxed e-con e-child\" data-id=\"fe56fc6\" data-element_type=\"container\" data-e-type=\"container\">\n\t\t\t\t\t<div class=\"e-con-inner\">\n\t\t\t\t<div class=\"elementor-element elementor-element-8437b4c elementor-widget-mobile__width-inherit elementor-widget elementor-widget-image\" data-id=\"8437b4c\" data-element_type=\"widget\" data-e-type=\"widget\" data-widget_type=\"image.default\">\n\t\t\t\t<div class=\"elementor-widget-container\">\n\t\t\t\t\t\t\t\t\t\t\t\t\t\t\t<img decoding=\"async\" width=\"800\" height=\"600\" src=\"https:\/\/seeparadies-hagnau.de\/wp-content\/uploads\/2024\/05\/Startbild-Ilse-1024x768.webp\" class=\"attachment-large size-large wp-image-988007\" alt=\"Tante Ilse Ausblick\" srcset=\"https:\/\/seeparadies-hagnau.de\/wp-content\/uploads\/2024\/05\/Startbild-Ilse-1024x768.webp 1024w, https:\/\/seeparadies-hagnau.de\/wp-content\/uploads\/2024\/05\/Startbild-Ilse-300x225.webp 300w, https:\/\/seeparadies-hagnau.de\/wp-content\/uploads\/2024\/05\/Startbild-Ilse-768x576.webp 768w, https:\/\/seeparadies-hagnau.de\/wp-content\/uploads\/2024\/05\/Startbild-Ilse-600x450.webp 600w, https:\/\/seeparadies-hagnau.de\/wp-content\/uploads\/2024\/05\/Startbild-Ilse.webp 1200w\" sizes=\"(max-width: 800px) 100vw, 800px\" \/>\t\t\t\t\t\t\t\t\t\t\t\t\t\t\t<\/div>\n\t\t\t\t<\/div>\n\t\t\t\t<div class=\"elementor-element elementor-element-9499ae3 elementor-align-center elementor-widget__width-inherit elementor-widget elementor-widget-button\" data-id=\"9499ae3\" data-element_type=\"widget\" data-e-type=\"widget\" data-widget_type=\"button.default\">\n\t\t\t\t<div class=\"elementor-widget-container\">\n\t\t\t\t\t\t\t\t\t<div class=\"elementor-button-wrapper\">\n\t\t\t\t\t<a class=\"elementor-button elementor-button-link elementor-size-sm\" href=\"https:\/\/seeparadies-hagnau.de\/?page_id=988239\" ilse=\"\">\n\t\t\t\t\t\t<span class=\"elementor-button-content-wrapper\">\n\t\t\t\t\t\t<span class=\"elementor-button-icon\">\n\t\t\t\t<svg xmlns=\"http:\/\/www.w3.org\/2000\/svg\" height=\"512\" viewBox=\"0 0 512 512\" width=\"512\"><g id=\"_x35_54_x2C__Find_x2C__Glass_x2C__Magnifier_x2C__Search_x2C__Web_x2C_\"><g><path d=\"m176.147 46.075c-71.682 0-130 58.318-130 130s58.318 129.999 130 129.999 129.999-58.317 129.999-129.999-58.317-130-129.999-130zm0 239.999c-60.654 0-110-49.345-110-109.999s49.346-110 110-110 109.999 49.346 109.999 110-49.345 109.999-109.999 109.999z\"><\/path><path d=\"m502.926 439.358-140.031-140.031c-3.906-3.904-10.236-3.904-14.142 0l-2.369 2.368-29.853-29.854c18.676-27.29 29.617-60.273 29.617-95.767 0-93.738-76.262-170-169.999-170-93.738 0-170 76.262-170 170s76.262 169.999 170 169.999c35.494 0 68.477-10.941 95.769-29.618l29.854 29.854-2.516 2.516c-3.904 3.905-3.904 10.236 0 14.143l140.031 140.029c3.906 3.905 10.236 3.904 14.142 0l49.498-49.496c3.901-3.903 3.903-10.236-.001-14.143zm-476.779-263.283c0-82.71 67.29-150 150-150s149.999 67.29 149.999 150-67.289 149.999-149.999 149.999-150-67.289-150-149.999zm278.089 111.759 27.77 27.768-16.33 16.33-27.77-27.769c5.805-5.068 11.262-10.524 16.33-16.329zm142.119 193.95-125.888-125.887 35.355-35.356 125.889 125.889z\"><\/path><path d=\"m176.147 246.075c-38.598 0-70-31.402-70-70 0-5.523-4.477-10-10-10s-10 4.477-10 10c0 49.626 40.374 89.999 90 89.999 5.523 0 10-4.477 10-9.999 0-5.523-4.477-10-10-10z\"><\/path><\/g><\/g><\/svg>\t\t\t<\/span>\n\t\t\t\t\t\t\t\t\t<span class=\"elementor-button-text\">Tante Ilse<\/span>\n\t\t\t\t\t<\/span>\n\t\t\t\t\t<\/a>\n\t\t\t\t<\/div>\n\t\t\t\t\t\t\t\t<\/div>\n\t\t\t\t<\/div>\n\t\t\t\t\t<\/div>\n\t\t\t\t<\/div>\n\t\t\t\t\t<\/div>\n\t\t\t\t<\/div>\n\t\t\t\t\t<\/div>\n\t\t\t\t<\/div>\n\t\t\t\t\t<\/div>\n\t\t\t\t<\/div>\n\t\t\t\t\t<\/div>\n\t\t\t\t<\/div>\n\t\t\t\t<\/div>\n\t\t","protected":false},"excerpt":{"rendered":"<p>FERIENWOHNUNGEN Zur\u00fcck zur Hauptseite Wir haben uns mit dem Seeparadies unmittelbar am Ufer des Bodensees in Hagnau einen Traum erf\u00fcllt, den wir gerne mit Ihnen teilen wollen. Das Seeparadies liegt im idyllischen Fischer- und Winzerdorf Hagnau. Ob Sie die Natur erkunden oder einfach die Ruhe und den magischen Ort am See genie\u00dfen m\u00f6chten &#8211; Hagnau [&hellip;]<\/p>\n","protected":false},"author":2,"featured_media":0,"parent":0,"menu_order":0,"comment_status":"closed","ping_status":"closed","template":"","meta":{"inline_featured_image":false,"footnotes":""},"class_list":["post-988198","page","type-page","status-publish","hentry"],"_links":{"self":[{"href":"https:\/\/seeparadies-hagnau.de\/index.php?rest_route=\/wp\/v2\/pages\/988198","targetHints":{"allow":["GET"]}}],"collection":[{"href":"https:\/\/seeparadies-hagnau.de\/index.php?rest_route=\/wp\/v2\/pages"}],"about":[{"href":"https:\/\/seeparadies-hagnau.de\/index.php?rest_route=\/wp\/v2\/types\/page"}],"author":[{"embeddable":true,"href":"https:\/\/seeparadies-hagnau.de\/index.php?rest_route=\/wp\/v2\/users\/2"}],"replies":[{"embeddable":true,"href":"https:\/\/seeparadies-hagnau.de\/index.php?rest_route=%2Fwp%2Fv2%2Fcomments&post=988198"}],"version-history":[{"count":34,"href":"https:\/\/seeparadies-hagnau.de\/index.php?rest_route=\/wp\/v2\/pages\/988198\/revisions"}],"predecessor-version":[{"id":989002,"href":"https:\/\/seeparadies-hagnau.de\/index.php?rest_route=\/wp\/v2\/pages\/988198\/revisions\/989002"}],"wp:attachment":[{"href":"https:\/\/seeparadies-hagnau.de\/index.php?rest_route=%2Fwp%2Fv2%2Fmedia&parent=988198"}],"curies":[{"name":"wp","href":"https:\/\/api.w.org\/{rel}","templated":true}]}}